{"id":416,"date":"2022-05-08T15:25:08","date_gmt":"2022-05-08T15:25:08","guid":{"rendered":"https:\/\/www.turkmedchem.org\/?page_id=416"},"modified":"2023-07-27T08:44:45","modified_gmt":"2023-07-27T08:44:45","slug":"iletisim","status":"publish","type":"page","link":"https:\/\/www.turkmedchem.org\/index.php\/iletisim\/","title":{"rendered":"\u0130leti\u015fim"},"content":{"rendered":"\t\t<div data-elementor-type=\"wp-page\" data-elementor-id=\"416\" class=\"elementor elementor-416\">\n\t\t\t\t\t\t<section class=\"elementor-section elementor-top-section elementor-element elementor-element-15e29c9d elementor-section-boxed elementor-section-height-default elementor-section-height-default\" data-id=\"15e29c9d\" data-element_type=\"section\">\n\t\t\t\t\t\t<div class=\"elementor-container elementor-column-gap-default\">\n\t\t\t\t\t<div class=\"elementor-column elementor-col-100 elementor-top-column elementor-element elementor-element-744bc95f\" data-id=\"744bc95f\" data-element_type=\"column\">\n\t\t\t<div class=\"elementor-widget-wrap elementor-element-populated\">\n\t\t\t\t\t\t<div class=\"elementor-element elementor-element-3e7f057b elementor-widget elementor-widget-text-editor\" data-id=\"3e7f057b\" data-element_type=\"widget\" data-widget_type=\"text-editor.default\">\n\t\t\t\t<div class=\"elementor-widget-container\">\n\t\t\t\t\t\t\t\t\t<p>Dr. \u00d6\u011fr. \u00dcyesi Mahmut G\u00f6zelle<\/p><p>T\u00fcrk Farmas\u00f6tik ve Medisinal Kimya Derne\u011fi Sekreteri<\/p><p>Tel: 312 202 32 23<\/p><p>E-mail: turkmedchem1@gmail.com<\/p>\t\t\t\t\t\t\t\t<\/div>\n\t\t\t\t<\/div>\n\t\t\t\t\t<\/div>\n\t\t<\/div>\n\t\t\t\t\t<\/div>\n\t\t<\/section>\n\t\t\t\t<\/div>\n\t\t","protected":false},"excerpt":{"rendered":"<p>Dr. \u00d6\u011fr. \u00dcyesi Mahmut G\u00f6zelle T\u00fcrk Farmas\u00f6tik ve Medisinal Kimya Derne\u011fi Sekreteri Tel: 312 202 32 23 E-mail: turkmedchem1@gmail.com<\/p>\n","protected":false},"author":1,"featured_media":0,"parent":0,"menu_order":0,"comment_status":"closed","ping_status":"closed","template":"elementor_header_footer","meta":{"footnotes":""},"class_list":["post-416","page","type-page","status-publish","hentry"],"_links":{"self":[{"href":"https:\/\/www.turkmedchem.org\/index.php\/wp-json\/wp\/v2\/pages\/416","targetHints":{"allow":["GET"]}}],"collection":[{"href":"https:\/\/www.turkmedchem.org\/index.php\/wp-json\/wp\/v2\/pages"}],"about":[{"href":"https:\/\/www.turkmedchem.org\/index.php\/wp-json\/wp\/v2\/types\/page"}],"author":[{"embeddable":true,"href":"https:\/\/www.turkmedchem.org\/index.php\/wp-json\/wp\/v2\/users\/1"}],"replies":[{"embeddable":true,"href":"https:\/\/www.turkmedchem.org\/index.php\/wp-json\/wp\/v2\/comments?post=416"}],"version-history":[{"count":7,"href":"https:\/\/www.turkmedchem.org\/index.php\/wp-json\/wp\/v2\/pages\/416\/revisions"}],"predecessor-version":[{"id":618,"href":"https:\/\/www.turkmedchem.org\/index.php\/wp-json\/wp\/v2\/pages\/416\/revisions\/618"}],"wp:attachment":[{"href":"https:\/\/www.turkmedchem.org\/index.php\/wp-json\/wp\/v2\/media?parent=416"}],"curies":[{"name":"wp","href":"https:\/\/api.w.org\/{rel}","templated":true}]}}